te?
False
Is 10589248349 a composite number?
True
Is 1489952357 a composite number?
False
Is 107377278853 a composite number?
True
Is 183506131 composite?
False
Is 661416689 composite?
True
Is 57013817581 prime?
False
Is 27135235007 a composite number?
False
Is 1485779629 a prime number?
False
Is 1750732507 prime?
True
Is 870503017 prime?
True
Is 108612533 a prime number?
True
Is 46284079 composite?
False
Is 3752137589 a composite number?
False
Is 292879699349 a prime number?
False
Is 6715705693 prime?
False
Is 15783667303 a composite number?
True
Is 103480432619 prime?
True
Is 42359838953 a composite number?
True
Is 7570016389 a prime number?
False
Is 5923235827 a composite number?
False
Is 165888446551 a composite number?
False
Is 55467697811 composite?
False
Is 2472033709 composite?
False
Is 92136815 prime?
False
Is 2636414089 a composite number?
False
Is 460316821 a composite number?
True
Is 379338497 composite?
False
Is 243951007 a composite number?
True
Is 1425612101 prime?
True
Is 67936517713 prime?
False
Is 11840030287 composite?
False
Is 2115204109 prime?
True
Is 31717144079 composite?
False
Is 68535030661 prime?
False
Is 1103761861 composite?
True
Is 231114651121 a prime number?
True
Is 2888204491 prime?
False
Is 17313209 a prime number?
True
Is 943445491 composite?
False
Is 2076180647 composite?
True
Is 70329178637 composite?
True
Is 843368081 prime?
True
Is 331858577 prime?
True
Is 254696257 a prime number?
True
Is 10054135211 composite?
False
Is 683270411 composite?
True
Is 7593921761 a composite number?
False
Is 4998651289 a composite number?
True
Is 352600681373 composite?
False
Is 409529521 a composite number?
False
Is 4315167743 a composite number?
False
Is 3741641443 a composite number?
True
Is 4373612107 a prime number?
True
Is 16033912309 composite?
True
Is 68797273 a composite number?
False
Is 4810564639 composite?
False
Is 8875845023 a composite number?
False
Is 140238091043 prime?
True
Is 27858334489 composite?
True
Is 1865807693 a composite number?
True
Is 119887499 composite?
False
Is 3948084827 a prime number?
False
Is 1307991413 a prime number?
False
Is 4055645689 prime?
True
Is 1764446839 prime?
True
Is 24401456609 a composite number?
True
Is 301301443 composite?
True
Is 2070526687 a prime number?
True
Is 53041838429 a prime number?
True
Is 892345543 a composite number?
False
Is 23919385663 composite?
False
Is 13982200231 prime?
False
Is 5245557347 prime?
True
Is 2980681543 composite?
True
Is 25654219727 composite?
False
Is 22204334747 a prime number?
False
Is 31387197301 a prime number?
False
Is 12144844293 a composite number?
True
Is 162678492941 a prime number?
False
Is 23254407331 a composite number?
True
Is 22357788203 a composite number?
False
Is 425944807 composite?
False
Is 94119462907 composite?
False
Is 1690823191 a composite number?
False
Is 416198231 composite?
True
Is 9764107 composite?
False
Is 884252003 a prime number?
True
Is 6333017407 prime?
False
Is 25164322457 a prime number?
True
Is 11791437223 a composite number?
False
Is 22806072173 prime?
False
Is 12925520383 a composite number?
False
Is 938157497 composite?
False
Is 3481803859 a prime number?
False
Is 4104826189 composite?
False
Is 63275803939 a prime number?
False
Is 392155021 a prime number?
True
Is 34329248339 prime?
True
Is 179193349 a prime number?
False
Is 147961271 composite?
False
Is 18648151799 a prime number?
False
Is 429127547 a composite number?
True
Is 21110271137 a prime number?
True
Is 10734650857 a composite number?
True
Is 17357350427 a prime number?
True
Is 1169351149 a prime number?
False
Is 16126780745 prime?
False
Is 6705202763 prime?
False
Is 163283543 a composite number?
True
Is 113606420413 a prime number?
False
Is 43318660661 a composite number?
False
Is 1579618981 composite?
True
Is 104127383 a composite number?
True
Is 1520599429 prime?
True
Is 4299699883 a composite number?
False
Is 1055587261 composite?
False
Is 16833217139 composite?
True
Is 11377593017 composite?
True
Is 9321315427 a composite number?
False
Is 54793927 a prime number?
True
Is 50605165178 composite?
True
Is 31975638977 prime?
False
Is 6234190603 composite?
False
Is 682959097 composite?
False
Is 3647307997 a composite number?
False
Is 21999849493 prime?
True
Is 8174834009 composite?
True
Is 1106198683 a prime number?
False
Is 8660606551 a composite number?
False
Is 38579502989 a composite number?
False
Is 3070161905 a composite number?
True
Is 368891603 a prime number?
True
Is 3489571 a composite number?
False
Is 13251828617 composite?
False
Is 13089181379 prime?
False
Is 56003667157 a prime number?
True
Is 106986439 prime?
False
Is 267994997 composite?
False
Is 309685022263 prime?
True
Is 15220543967 a prime number?
False
Is 1043767663 a prime number?
False
Is 4404988033 composite?
False
Is 6981926927 a composite number?
False
Is 1682423753 composite?
True
Is 12478885817 composite?
False
Is 19350848201 a prime number?
True
Is 1169795491 a prime number?
True
Is 2723109467 a prime number?
False
Is 1896496543 prime?
True
Is 5967255013 prime?
True
Is 2047013063 prime?
True
Is 571105181 prime?
True
Is 897267827 a composite number?
True
Is 252537833 a prime number?
True
Is 23275948691 prime?
True
Is 41203073887 a prime number?
True
Is 55571400881 a composite number?
False
Is 5378307593 a prime number?
True
Is 4158287843 a composite number?
False
Is 61585025573 a composite number?
True
Is 2703695603 a prime number?
False
Is 12686062603 composite?
True
Is 20198401001 prime?
False
Is 812453407 composite?
True
Is 11248156217 prime?
True
Is 6793747949 prime?
True
Is 246888781 a composite number?
False
Is 2525413 prime?
False
Is 13611195293 a prime number?
False
Is 78109571 a composite number?
False
Is 16030743683 composite?
False
Is 5209899421 a composite number?
False
Is 839132263 composite?
True
Is 1006777379 prime?
True
Is 110747419 prime?
False
Is 14799763903 composite?
True
Is 284265469837 composite?
False
Is 239993483 prime?
True
Is 11312422613 a prime number?
False
Is 1026371831 composite?
False
Is 5446074773 prime?
False
Is 109026962243 a prime number?
False
Is 3327788749 prime?
True
Is 2885429399 a prime number?
False
Is 462106877 prime?
False
Is 4701764413 composite?
True
Is 205434611 a prime number?
True
Is 18799746599 a prime number?
False
Is 2259165841 prime?
False
Is 1407972493 composite?
True
Is 25940823119 prime?
True
Is 618918611 prime?
True
Is 5251428137 prime?
False
Is 5111077583 prime?
True
Is 75992169559 a prime number?
True
Is 2728111831 a composite number?
False
Is 688073747 composite?
False
Is 2944363267 a prime number?
True
Is 623797367 a prime number?
False
Is 432980159 a composite number?
False
Is 37876965193 a prime number?
False
Is 14088338117 a prime number?
False
Is 1107626929 prime?
False
Is 2212515251 composite?
True
Is 21588247391 prime?
True
Is 911103073 prime?
True
Is 1373712657 composite?
True
Is 340162463 a composite number?
True
Is 277836409 prime?
True
Is 75006409 prime?
True
Is 673953703 prime?
False
Is 18646280413 a composite number?
False
Is 2452989613 a prime number?
False
Is 465358123 a composite number?
True
Is 1482504934 composite?
True
Is 75557509913 prime?
True
Is 10724975071 a composite number?
False
Is 7522816721 prime?
False
Is 490828511 a prime number?
False
Is 13591255739 composite?
True
Is 2293631 prime?
True
Is 16274148377 a prime number?
True
Is 5273737991 a composite number?
False
Is 57271133039 prime?
True
Is 6118865309 prime?
True
Is 1969617941 a prime number?
False
Is 8722037809 a composite number?
False
Is 8109861989 a composite number?
False
Is 2292936787 composite?
True
Is 10133180143 a prime number?
False
Is 140910863 prime?
False
Is 363864869 prime?
True
Is 24442117201 a composite number?
False
Is 15546820351 prime?
True
Is 3694662173 a composite number?
True
Is 2862545809 a prime number?
True
Is 39759906551 a composite number?
False
Is 19404585523 prime?
False
Is 10964060309 a prime number?
True
Is 140850709423 a composite number?
False
Is 1456094347 composite?
True
Is 14146336727 composite?
True
Is 33456867511 a prime number?
True
Is 114762645215 a prime number?
False
Is 1322902499 a composite number?
False
Is 2581062827 a prime number?
False
Is 112446953 prime?
True
Is 3561277513 com